. Suppose 0*d + 69 = 4*d - b, 0 = 3*d + 5*b - 23. Calculate the remainder when (2/m)/((-11)/1705) is divided by d.
14
Suppose -x - 4 = -3*x. What is the remainder when -5 + (-146)/(-30) - 8/240*-214 is divided by x?
1
Suppose 4*c = 2*c + 82. Let j(f) = f**3 + f**2 + 4*f + 14. Calculate the remainder when c is divided by j(0).
13
Calculate the remainder when 646 is divided by 119/34*(-216)/(-14).
52
Let p = 9 - 5. Suppose 2*m - 12 = p*t + t, -4*t + m - 12 = 0. What is the remainder when 59 is divided by 237/12 - 1/t?
19
Calculate the remainder when 144 is divided by (-2)/(-11) + 9/(99/383).
4
Let h = -1393 - -1757. What is the remainder when h is divided by 19?
3
Let n(w) = -w**3 - 25*w**2 - 158*w - 10. Calculate the remainder when n(-16) is divided by 6.
4
Suppose -11*g = -13377 + 4500. Calculate the remainder when g is divided by 45.
42
What is the remainder when 292 is divided by (90/(-8))/(150/(-200))?
7
Let j(x) = 59*x**2 - 23*x + 45. What is the remainder when j(4) is divided by 29?
27
Let m be 1 + -3 - (-1 + -1). Suppose 0 = -2*o + 4 - m. Suppose -4 = -o*p + 6, 2*p = -5*i + 55. What is the remainder when i is divided by 5?
4
Let g = 97 - 67. Let f(p) = -p**2 + 202*p + 1471. Calculate the remainder when g is divided by f(-7).
6
Suppose -4*l = l - 65. Let z(s) = -s**2 - 13*s - 18. Let d be z(-7). What is the remainder when (d/16)/((-3)/(-72)) is divided by l?
10
Suppose -53*m + 41*m = -264. Calculate the remainder when 33 is divided by m.
11
Suppose -2*j + 336 = 2*j. Let d = 1878 + -1860. Calculate the remainder when j is divided by d.
12
Suppose -384 - 96 = -16*a. Calculate the remainder when a is divided by 13.
4
Calculate the remainder when 1*(-1 + 0)*(-109 - -30) is divided by 14.
9
Suppose 0 = -g - 3*r + 54, -5*r = -2*g + 5*g - 142. What is the remainder when 270 is divided by g?
36
Let q be (-1)/((-3)/(1 + -7)). Let i(m) = -m**3 - 2*m**2 - 2*m + 2. What is the remainder when (-1)/((-8)/(-4))*-44 is divided by i(q)?
4
Suppose 0 = 5*o + 3*y - 39, -3*o + 6*o + 3*y - 27 = 0. Let p = 1 - -3. Suppose 0 = p*c - 0*c - 88. What is the remainder when c is divided by o?
4
Let p be ((-5)/(-2))/(4/8). Let i(a) = -a**3 + 7*a**2 - 5*a - 8. Suppose 325 = n + 4*n. What is the remainder when n is divided by i(p)?
14
Suppose -4*i + 53 + 19 = 2*p, 2*i - 132 = -4*p. What is the remainder when 287 is divided by p?
31
Let v be (0 + 4/5)/(28/70). What is the remainder when ((28/(-20))/(v/(-70)))/1 is divided by 10?
9
Calculate the remainder when 4*(833/(-14))/(-7) is divided by 20.
14
Let v = -222 - -132. Let b = v - -157. Calculate the remainder when b is divided by 34.
33
Let r = -97 + 237. Suppose -2*q + 36 - r = -2*s, 3*s - 131 = -2*q. Suppose 5*d + 7 = s. Calculate the remainder when d is divided by 5.
3
Suppose -g + 55 = 11. Suppose 3*a - 7*a = k - 65, -2*a - 3*k = -35. What is the remainder when g is divided by a?
12
Let w(r) = -r**3 - 5*r**2 + 6*r - 7. Let s be w(-6). Calculate the remainder when 17 is divided by (-1 - -12) + 28/s.
3
Let f(l) = -3*l + 9. Let s be f(-9). Let r be s/(-14)*(-42)/9. Let x = 19 - r. Calculate the remainder when 25 is divided by x.
4
Suppose 0 = t - 3 - 2. Suppose r + t = 16. Let y = 28 - r. Calculate the remainder when 32 is divided by y.
15
Calculate the remainder when 172 is divided by (-658)/(-8) - 119/(-68).
4
Suppose -5*o = 4*p - 106, 47*o = -3*p + 48*o + 32. Let z = 5 + 7. Calculate the remainder when p is divided by z.
2
Let x be 3 + 7*(-12)/(-4). Suppose -4*n + 2*n = -x. Calculate the remainder when 33 is divided by n.
9
Calculate the remainder when 37092/88 - (-2)/(-4) is divided by 71.
66
Suppose -10*k - 22 + 242 = 0. Let o = -75 - -113. What is the remainder when o is divided by k?
16
What is the remainder when 175 is divided by (-1209)/(-27) + (-4)/(-18)?
40
Suppose l + l - 2*c - 140 = 0, -2*l = -3*c - 136. Calculate the remainder when 228 is divided by l.
6
Let l(b) = -b**2 - 5*b + 11. What is the remainder when 2/(2/31) + -1 is divided by l(-5)?
8
Let v(q) = -q**3 + 24*q**2 + 81*q + 11. What is the remainder when 457 is divided by v(27)?
6
Suppose -52 = -t + 16. Suppose 2*a + t = -56. Let r = 107 + a. Calculate the remainder when r is divided by 12.
9
Suppose 32*v + 104 - 360 = 0. What is the remainder when 244 is divided by v?
4
Let v(s) = s**3 - 5*s**2 + 11*s + 9. What is the remainder when v(8) is divided by 49?
44
Suppose -4*n + 3*c = -c + 152, n + 3*c = -22. Suppose -3*x = 65 + 34. Let u = x - n. What is the remainder when 3 is divided by u?
0
Suppose -2*m + 37 + 41 = 0. Let r = -1302 + 1319. What is the remainder when m is divided by r?
5
Let m(i) = -i**3 + 9*i**2 - 4*i - 1. Let q = -4706 + 4733. Calculate the remainder when m(5) is divided by q.
25
Let u(j) = -j**2 - 3*j + 7. Let i be u(-4). Suppose 0 = -q - 2*s + 14, 0*q - i*s = 4*q - 81. Calculate the remainder when 64 is divided by q.
16
Let y = -236 - -244. Calculate the remainder when 49 is divided by y.
1
Calculate the remainder when 718/3 + (23/3 - 8) is divided by 8.
7
Suppose 87*w = 78*w + 369. What is the remainder when w is divided by 17?
7
Let l(g) = -3*g. Let p be l(-1). Let t be (-6)/4*(p + -5). Suppose -5*v = 15, m + m = -t*v + 41. Calculate the remainder when 73 is divided by m.
23
Let s = -10 - -28. Let w be 6/((-13)/((-390)/12)). Suppose -7*i + 43 - w = 0. What is the remainder when s is divided by i?
2
Let u = 1450 - 1379. What is the remainder when u is divided by 60?
11
Let q(x) = 11*x**2 + 1. Let v be q(1). Calculate the remainder when 27 is divided by 2/v - (-356)/24.
12
Suppose f + o - 179 = 0, 0*o = -f - 3*o + 173. Calculate the remainder when f is divided by 52.
26
Let k(l) be the second derivative of l**5/20 + l**4/3 + l**2 + 6*l. Let a be k(-5). Let x = 35 + a. Calculate the remainder when x is divided by 7.
5
Let k = 53 - 48. Suppose q + 417 = 4*q - k*d, 0 = 2*d. What is the remainder when q is divided by 20?
19
Let c(z) = 8*z**2 + 3*z + 4. Let d be c(-2). Suppose -d = -h - 4*u, u + 0*u - 60 = -4*h. What is the remainder when 37 is divided by h?
9
Let f = 14 + 7. Let t = -12 + f. Let m(c) = -6*c - 8. What is the remainder when m(-7) is divided by t?
7
Suppose 26 - 58 = -2*z. Suppose 0 = -3*b + 2*b + 6. Calculate the remainder when z is divided by b.
4
Suppose c + 2*x = -2*x + 3, -31 = -4*c + 3*x. Suppose c*n - 14 = 5*n. Suppose 3*z - 11 = 40. What is the remainder when z is divided by n?
3
Let t = 721 + -679. What is the remainder when 123 is divided by t?
39
Suppose 14 = -2*v + 58. Suppose -3*g - 3 = -3*u, g = -5*u - v - 3. Let o = 1 - u. Calculate the remainder when 6 is divided by o.
1
Suppose x - 46 = -0*x. Let k be (-5)/2*(-16)/(-10). Calculate the remainder when x is divided by k/2 - (1 + -19).
14
Let a(q) = 3*q**2 - q - 2. Let x be a(-1). Let b(g) = -2*g - 4 + 28*g**2 + 3 + 13*g**x. Calculate the remainder when b(-1) is divided by 15.
12
Let i = -41 - -31. Let x = 41 + i. Calculate the remainder when x is divided by 17.
14
Suppose 0 = c + l + l + 49, 5*l = -c - 40. Let x = 43 + -68. Let n = x - c. Calculate the remainder when n is divided by 17.
13
Let d = 45 + -12. Suppose 5*z + 334 = 2*l, -3*l = -z - 38 - 450. Calculate the remainder when l is divided by d.
30
Let v(f) = -f**3 - f**2 + 1. Let l(g) = 7*g**3 - 8*g**2 + 7. Let c(x) = l(x) + 6*v(x). What is the remainder when 23 is divided by c(14)?
10
What is the remainder when 15/((-1365)/14) - 1393/(-13) is divided by 23?
15
Let n = 16 - 16. Suppose n = 2*x - 3 - 5. What is the remainder when 19 is divided by 5 - 4/x*-1?
1
Let x be 4/(-1 + (-4)/(-3)). Let j = 16 + 0. What is the remainder when 25 is divided by 11 - (-4)/(j/x)?
11
Calculate the remainder when 112 is divided by 80/24*195/10.
47
Suppose -250 = 8*q - 1274. Calculate the remainder when q is divided by 44.
40
Calculate the remainder when 103 is divided by (207/(-46))/(5/100*-3).
13
Suppose 0 = -3*g + 107 - 56. Calculate the remainder when 765/12 + (-1)/(-4) is divided by g.
13
Suppose -2*u + 114 + 32 = 0. Let m = -65 + u. Let y(g) = 2*g**3 - 5*g**2 + 4*g - 2. What is the remainder when y(3) is divided by m?
3
Suppose 0 = 6*b + 11*b - 476. Calculate the remainder when 110 is divided by b.
26
Suppose -17*x + 16*x + 72 = 0. What is the remainder when x is divided by 0 + -1*(-11 + -4)?
12
Let x(s) = -s